12023?
10112022
In base 15, what is 2bb868 + 1?
2bb869
In base 4, what is -3 - -3203213?
3203210
In base 5, what is 2040431 - 4?
2040422
In base 12, what is 12bb9b - -3?
12bba2
In base 11, what is a57250 + -2?
a57249
In base 9, what is 3 - 14810?
-14806
In base 9, what is 2124 - -3?
2127
In base 14, what is -933c - 6?
-9344
In base 16, what is -2322 + 2?
-2320
In base 3, what is 100222122210111 - -11?
100222122210122
In base 4, what is 1 + 2032030201?
2032030202
In base 10, what is -188992 - -3?
-188989
In base 8, what is -173730 - -25?
-173703
In base 8, what is 140455 + 1?
140456
In base 16, what is -b46 - 383?
-ec9
In base 13, what is -115297 - 3?
-11529a
In base 6, what is -10 + 1203515?
1203505
In base 12, what is -bab - 55?
-1044
In base 7, what is 1552402 - 4?
1552365
In base 14, what is -324 - d1?
-415
In base 7, what is -20 - 140244?
-140264
In base 11, what is -51 - 1a15?
-1a66
In base 11, what is -325a + -a?
-3269
In base 12, what is 2 - -45a5?
45a7
In base 3, what is 12 + -102222000221?
-102222000202
In base 16, what is -49 + -e44?
-e8d
In base 12, what is -2 + 51489b?
514899
In base 15, what is 3 + 90927?
9092a
In base 8, what is -1 - 17656?
-17657
In base 13, what is 15 - -aa5?
aba
In base 12, what is -ba7a - 123?
-bba1
In base 12, what is -2a - -4b5?
487
In base 9, what is -4 - -28171?
28166
In base 9, what is 374875 - -1?
374876
In base 9, what is 15443 + -58?
15374
In base 16, what is -1 + -3213?
-3214
In base 6, what is 2120 + -115?
2001
In base 6, what is 0 - -1401342?
1401342
In base 14, what is -5 + 69bc?
69b7
In base 3, what is 120201 + 10101?
201002
In base 16, what is dbf9 - -f?
dc08
In base 15, what is -29d6 - 3?
-29d9
In base 3, what is -20022221121002 + 2?
-20022221121000
In base 15, what is -270 - -8c4?
654
In base 10, what is 4 + -136018?
-136014
In base 8, what is -17 - 3310?
-3327
In base 14, what is -98c50c + 4?
-98c508
In base 11, what is 1452a - -3?
14532
In base 2, what is -100 - -110010010000101111?
110010010000101011
In base 12, what is 320603 - -5?
320608
In base 2, what is -1000110110001111 - 1000?
-1000110110010111
In base 15, what is 1 + 7e1?
7e2
In base 7, what is 332 - -52615?
53250
In base 16, what is -75d - 11f?
-87c
In base 5, what is -20214322 + 11?
-20214311
In base 13, what is 28a + -16b?
11c
In base 13, what is 14b - 97?
84
In base 13, what is 23 - -22c7?
231a
In base 13, what is -105 - 35?
-13a
In base 14, what is 1918 - 3?
1915
In base 15, what is 12a - d80?
-c55
In base 16, what is 0 + -5bb3f?
-5bb3f
In base 14, what is -5 - 1b8db?
-1b902
In base 9, what is 101 - -2?
103
In base 15, what is -3 - -db46?
db43
In base 2, what is -10010 + -11101100?
-11111110
In base 15, what is -4795 + 16?
-477e
In base 11, what is 164 - -1522?
1686
In base 14, what is 4c12 - -6?
4c18
In base 9, what is -5012748 + 1?
-5012747
In base 5, what is 1 + 14313?
14314
In base 13, what is -9 + 678c?
6783
In base 8, what is 5 + -41352?
-41345
In base 12, what is -1b03a - -10?
-1b02a
In base 2, what is -11011101001111 - 11111?
-11011101101110
In base 11, what is -1385 - -98a?
-4a6
In base 9, what is -316 + -3033?
-3350
In base 8, what is -25777 - 35?
-26034
In base 16, what is -1c - -21de2?
21dc6
In base 13, what is -2452bc + 2?
-2452ba
In base 7, what is 3 - 266464?
-266461
In base 8, what is 12135 + 207?
12344
In base 3, what is -1200111 + 1121?
-1121220
In base 16, what is -1513 - -1?
-1512
In base 3, what is -111 + 11212200021?
11212122210
In base 9, what is 11 + 216388?
216410
In base 14, what is -7 - 497b8?
-497c1
In base 8, what is -27 + -51076?
-51125
In base 7, what is 0 + -5060410?
-5060410
In base 13, what is -66 + 957?
8c1
In base 7, what is 1310 - -5121?
6431
In base 2, what is -110010001011100000 + 110?
-110010001011011010
In base 8, what is -21561 + -103?
-21664
In base 7, what is 20105 - -3?
20111
In base 16, what is -3cfb + 4?
-3cf7
In base 6, what is 2451 - -33130?
40021
In base 15, what is -4 - -2234?
2230
In base 5, what is -4 - 442303?
-442312
In base 14, what is -4 + c6b6?
c6b2
In base 11, what is -1a7 + -7?
-203
In base 5, what is -333420 + 10?
-333410
In base 14, what is 3 - 2543?
-2540
In base 12, what is -517 + -1821?
-2138
In base 10, what is 37 + -4259?
-4222
In base 5, what is -43423 + 131?
-43242
In base 6, what is 2 + 455035?
455041
In base 12, what is 5 + -846?
-841
In base 12, what is -1263a + 6?
-12634
In base 12, what is 4b + 866?
8b5
In base 11, what is 2 + 5757?
5759
In base 9, what is 426712 + 4?
426716
In base 13, what is 2 + 973a?
973c
In base 2, what is -1000011100110000 + -1000?
-1000011100111000
In base 14, what is -1b3 - -3d?
-174
In base 2, what is -1000110111011 + -1010010000?
-1010001001011
In base 4, what is 132132303 - -3?
132132312
In base 3, what is 201210201100 - -10?
201210201110
In base 6, what is 20 + -141343?
-141323
In base 3, what is -101021111 - 201?
-101022012
In base 13, what is 5 - 8072?
-806a
In base 5, what is -100001143 - -10?
-100001133
In base 16, what is a - -1b57b?
1b585
In base 5, what is -43403 - 33?
-43441
In base 8, what is -140 - -721?
561
In base 9, what is -167566 - 3?
-167570
In base 10, what is -2 + 56687?
56685
In base 14, what is -c - 3a6?
-3b4
In base 3, what is 120102212211 - -12?
120102220000
In base 11, what is -6a2 + 1610?
a19
In base 10, what is 165103 - -1?
165104
In base 6, what is 12231 + 555?
13230
In base 12, what is -16902 - -1?
-16901
In base 6, what is 2422 + 21544?
24410
In base 7, what is -4134 + -10613?
-15050
In base 16, what is -5fbb + 5?
-5fb6
In base 15, what is 0 + 3ed5?
3ed5
In base 13, what is 1762 - -5?
1767
In base 4, what is 32330212 - 10?
32330202
In base 3, what is 2000000100 - 21?
2000000002
In base 2, what is -11011 + -11011101110?
-11100001001
In base 8, what is 3421 + -10?
3411
In base 12, what is 3 + -250a1b?
-250a18
In base 12, what is 3a327 - -3?
3a32a
In base 3, what is -20 - -11010101021?
11010101001
In base 6, what is -1510 + -32552?
-34502
In base 16, what is -2f2 - 1d?
-30f
In base 2, what is -1111111 - 110100100010?
-110110100001
In base 13, what is 5 - -26a96?
26a9b
In base 12, what is -488 + -16?
-4a2
In base 15, what is -4 + -1187b?
-11880
In base 6, what is 114422 - -2?
114424
In base 6, what is 55 - 1013442?
-1013343
In base 7, what is 4243 - 14?
4226
In base 11, what is -3048 + 12?
-3036
In base 14, what is -1b2 - -75?
-13b
In base 15, what is d - -662?
670
In base 6, what is 253105 + -11?
253054
In base 3, what is -10011221 - 202?
-10012200
In base 15, what is -4b - 1d4?
-230
In base 13, what is 17 - -884?
89b
In base 10, what is -5 - 918?
-923
In base 12, what is a4448 - 0?
a4448
In base 14, what is 1709 + -7?
1702
In base 15, what is 463 - b5?
39d
In base 9, what is 18 + -43837?
-43818
In base 3, what is -21120 + 1012201?
221011
In base 10, what is -3 + 333839?
333836
In base 8, what is 50337 - -3?
50342
In base 8, what is 423235 + -5?
423230
In base 6, what is -115204144 - 5?
-115204153
In base 3, what is 0 - 2110202?
-2110202
In base 11, what is -5 - 167382?
-167387
In base 5, what is -10 + 32022041?
32022031
In base 10, what is 251296 - 1?
251295
In base 10, what is -5 - -13915?
13910
In base 9, what is 2 + -44478?
-44476
In base 13, what is -ac2 + -537?
-1329
In base 8, what is 1352634 + 1?
1352635
In base 12, what is -90384 - -a?
-90376
In base 9, what is 176161 + 23?
176184
In base 16, what is -a4bf + 3d?
-a482
In base 3, what is 22 - 10012010?
-10011211
In base 12, what is -7 - -1678a9?
1678a2
In base 11, what is -47 - -3319?
3282
In base 7, what is 22232 + 24?
22256
In base 13, what is 828c5 - -29?
82921
In base 8, what is -5233421 + 4?
-5233415
In base 12, what is 2a66 + 98?
2b42
In base 15, what is b2d - -1b?
b49
In base 10, what is -706 + 32?
-674
In base 5, what is 424234 + 10?
424244
In base 10, what is -2 - 160362?
-160364
In base 13, what is 2 + 3a2?
3a4
In base 11, what is 70 + 240?
300
In base 8, what is 1 - -24025?
24026
In base 7, what is 1131326 + -5?
1131321
In base 15, what is -9c + 8c?
-10
In base 11, what is -17993 - 5?
-17998
In base 9, what is -6137 + -7?
-6145
In base 4, what is 30032032 + 10?
30032102
In base 2, what is 11100100 - -100011011?
111111111
In base 8, what is -355105 + -4?
-355111
In base 16, what is -2 + -5538f?
-55391
In base 7, what is -4200114 